e the third derivative of c(t). What is the units digit of h(-5)?
5
Let b(l) = l**3 + 10*l**2 - 25. What is the units digit of b(-6)?
9
Let i(z) = z**2 - 2*z - 1. Let c be i(3). Suppose 69 = c*v + v. What is the units digit of v?
3
Let s = -6 - -1. Let k(n) = 4*n**3 + 6*n**2 + 11*n + 4. Let u(y) = 11*y**3 + 18*y**2 + 32*y + 13. Let v(o) = 8*k(o) - 3*u(o). What is the units digit of v(s)?
8
Let m = 8 + -5. Suppose 9 - 21 = -m*r. Let k = 0 + r. What is the units digit of k?
4
Suppose -4*q = 2*n + 14, 5*q + 5 = -5*n + q. Suppose -4*c = -2*c. Suppose c = 2*b + n*t - 7 + 1, 15 = 5*b + t. What is the units digit of b?
3
What is the units digit of (-3)/(-4) + (-363)/(-12) + -6?
5
Suppose 0 = -4*b + 103 + 141. Suppose -b = -2*q - 3*w, 0 = -5*q + 3*w + 112 - 12. What is the tens digit of q?
2
What is the hundreds digit of (1 - (-1 - -3)) + (-12 - -194)?
1
Suppose -4*y = -2*y - 8. What is the units digit of y?
4
Suppose -l + 95 = -11*v + 6*v, 215 = 2*l - 5*v. What is the units digit of l?
0
Let y(c) be the second derivative of c**4/12 - 2*c**3/3 - 3*c**2/2 - 3*c. What is the units digit of y(-2)?
9
Let j be (-1 + -1)*(3 - -9). Let d = -10 - j. What is the units digit of d?
4
Suppose 2*o = 5*q - 145 - 173, 187 = 3*q - 5*o. What is the tens digit of q?
6
Let p(c) = 0 + 5 - 2*c + 3*c. Let i(g) = -g**2 + 16*g - 11. Let j be i(15). What is the units digit of p(j)?
9
Let r = 15 + 151. What is the units digit of r?
6
Let l = -64 - -92. What is the tens digit of l?
2
Let l = 16 - -6. What is the units digit of ((-33)/l)/(6/(-200))?
0
Let q(g) = g**2 + 8*g + 10. Let r be q(-7). Let d = -83 + 57. What is the tens digit of -4*r/(24/d)?
1
Suppose 0 = 2*l + 5*u - 8*u - 587, -591 = -2*l - u. What is the units digit of l?
5
Let c(u) = 2*u - 5. Let a be c(5). Suppose -a*g - 1 = 79. Let w = -9 - g. What is the units digit of w?
7
Let y be ((-3)/1)/(-3) + -1. Suppose y = -o + 2*o + 6. What is the units digit of o/2*-1 + 7?
0
Suppose 2*l - 6 = 0, -3*l = 5*a + 2*l - 25. Suppose 0*o + 15 = 2*o + 5*n, a*n = 4*o - 18. Suppose 0*h - 2*k = -4*h + 8, o*k = 0. What is the units digit of h?
2
Let k = 20 + 13. What is the tens digit of k?
3
Suppose -3*z - 5 = 5*i, -2 = -3*z + i - 1. Suppose z = -3*x + l - 68 - 13, 4*x + 98 = -2*l. Let f = 36 + x. What is the units digit of f?
0
Let k = 4 + -4. Let w = 8 + k. What is the units digit of w?
8
Suppose z + 3*m + 21 = 0, -3*m = -2*z - m - 58. Let d be (0 + 2 - 2)/(-2). What is the units digit of (-1 + d)/(3/z)?
9
Let y be (-3)/(-2)*(-8)/6. What is the units digit of y + (-2 - (-3 + -5))?
4
Let b be 5/(-3)*3*-1. Let u be 1/(4/(-108))*-1. Suppose 2 - u = -b*f. What is the units digit of f?
5
Let v(j) = j**3 + 7*j**2 + 4*j - 2. Let i(n) = -n**2 - n. Let q(x) = 5*i(x) + v(x). What is the tens digit of q(2)?
1
Let f(b) = -2*b - 1. Let c be f(-2). Suppose -4*t = c*g - 37, -t - 4*t + 49 = g. Let p(d) = d - 8. What is the units digit of p(t)?
2
Let s(b) be the second derivative of -b**5/10 - b**4/6 - b**2 + 9*b. What is the units digit of s(-2)?
6
Suppose 0*i = x + i, -4*i - 15 = -x. Suppose -x*y + 25 = -14. What is the units digit of y?
3
Let b = -41 - -74. What is the tens digit of b?
3
Suppose 4*n + 2*p - 5*p - 426 = 0, -208 = -2*n - p. What is the tens digit of n?
0
Let m(y) = -3*y - 1. Let i be m(-1). Suppose b - 11 = -20. What is the units digit of (24/b)/i*-3?
4
Let d(s) = -2*s + s**2 + s**3 + 1 + 3*s**2 + s**2. What is the units digit of d(-4)?
5
Let c be (8/12)/((-2)/129). Let w = c - -64. What is the tens digit of w?
2
Let m be (2 - -28*1)*2. Suppose -4*j + m = -0*j. What is the units digit of j?
5
Let k(r) = r**3 - 8*r**2 - 12*r + 11. What is the units digit of k(10)?
1
Let y(z) = 3*z - 3. Suppose 5*m = -4 + 49. What is the units digit of y(m)?
4
Suppose -d + 45 = -2*c, 0 = -2*c - 0*c + 8. What is the units digit of d?
3
Suppose -3*u - 4*t = -39, -u - u + 5*t = -3. What is the units digit of u?
9
Suppose -610 = -8*z + 3*z. Let s = -32 + z. Suppose y - 2*y + 47 = 4*f, -5*y = -5*f + s. What is the units digit of f?
3
Suppose 2*u - l = 4*l + 28, 0 = -3*u - 5*l - 8. Suppose -u*t = -6*t + 30. What is the tens digit of t?
1
Suppose -n + 350 = 4*y, 4*y - 356 = -7*n + 3*n. What is the tens digit of y?
8
Let a be (12/(-10))/((-3)/10). Suppose 3*s = 6 - 0, 2*s = -a*c + 36. What is the units digit of c?
8
Let n(m) = -m**2 + m + 2. Let b be n(0). Suppose 4*t - 4*d = 128, -t = 3*t + b*d - 122. What is the units digit of t?
1
What is the units digit of ((-55)/10 - -2)*-2?
7
Suppose -p + 18 = -2*n - 6*p, 5*n + 5*p + 15 = 0. What is the units digit of n?
1
Suppose 0 = -3*r + 2 - 8. Let l be r/4 - (-42)/4. Suppose -s + l = 2. What is the units digit of s?
8
Let v(t) = -1 - 3*t - 2*t - 3*t + 0*t. Suppose -2*z - 3 - 9 = 2*i, -i - 3 = -2*z. What is the units digit of v(z)?
7
Let n(j) = -j**3 + 3*j**2 - 1. Suppose 10 = o + o. Suppose i + 2*a - 4 = 0, o*i + 0*a - 15 = -5*a. What is the units digit of n(i)?
3
Let l = -5 - -9. What is the units digit of l?
4
Let b(m) = -m**3 + 13*m**2 - 7*m - 3. Let p be b(11). Suppose -6*z = -3*z - p. What is the tens digit of z?
5
Let t be 5/(20/168) + -2. Let r = t + -8. What is the tens digit of r?
3
Let d be 4/14 + 325/(-35). Let v(y) = -y**3 - 8*y**2 + 9*y + 8. What is the units digit of v(d)?
8
Let s = 116 - 61. Suppose 3*x + 2*x = s. What is the tens digit of x?
1
Let s(o) = 3*o**2 + 3*o. Let d(k) = -k + 1. Let l be d(4). What is the tens digit of s(l)?
1
Suppose 410 = 4*k - 2*z, -4*z - 290 = -3*k + z. What is the units digit of (-4)/6 - k/(-9)?
1
Let d(o) = 0*o - 3*o - o**3 - 11*o**2 - 13 + o**3 - o**3. What is the tens digit of d(-11)?
2
Let p be (-4 + 3 - -3)*11. Let x be ((-4)/(-5))/(2/10). Suppose 2*g + 2*f = -f + p, 0 = -x*f + 16. What is the units digit of g?
5
What is the units digit of (-609)/(-5) - 2/(-10)?
2
Let u = 58 + -41. What is the units digit of u?
7
What is the units digit of 1 + -3 + 20 + 0?
8
Let r be -1*2*(-2)/4. Suppose 4*i + 4*j = 0, 2*i = 4*j - 0*j. Let w = r + i. What is the units digit of w?
1
Let w(p) = p + 11. Let k be w(-9). Suppose 0 = -4*s - 8, 2*i + 4*s = -2 - k. Suppose -3 - 23 = -i*t. What is the tens digit of t?
1
Let b = 10 + -16. What is the units digit of (2 + 0)/((-4)/b)?
3
Suppose -2*n = -3*n + 3. Suppose -3*q + n*i + 18 = -3, -3*i + 67 = 5*q. What is the tens digit of q?
1
Suppose 34 = -5*m + t - 3*t, 0 = 4*m + 3*t + 30. Let y(x) = -3*x + 2. What is the tens digit of y(m)?
2
Let q be (2/(-4))/(6/(-96)). Let v = q - 9. Let r = 2 + v. What is the units digit of r?
1
Suppose -3*w + 195 = 3*p, 5*p + w + 109 = 442. What is the units digit of p?
7
Let c(a) = -a**3 + a**2 + a + 3. Let k(x) = -x - 7. Let n be k(-7). Let f be c(n). Suppose 6 = -2*l, f*r + l + 51 = 6*r. What is the tens digit of r?
1
Let v be 15*(23 + -2 + 2). Let m = v + -243. What is the units digit of (-2)/(-3)*m/4?
7
Let x(q) = -30*q - 3. What is the units digit of x(-1)?
7
Let l(b) = -b**3 - 7*b**2 - 7*b - 3. What is the tens digit of l(-8)?
1
Let v = 1 - 3. Let f be (-1 - v - 1)/(-2). Suppose f*s - 2 = -s. What is the units digit of s?
2
Let o = -8 - -70. What is the units digit of o?
2
Suppose -g - 69 = -4*g. What is the tens digit of g?
2
Let i = -14 - -36. What is the tens digit of i?
2
Let w = -3 - -6. Let f(j) = -j + 18. Let t be f(0). Suppose -3*m - 23 = -k, w*k = 5*m + t + 35. What is the tens digit of k?
1
Suppose -2*p - 10 = -26. What is the units digit of p?
8
Suppose -2*h + 149 = 1. What is the units digit of h?
4
Suppose 4*u = 117 + 199. What is the tens digit of u?
7
Let b be 2/5 - 414/(-15). Let d = -14 + b. What is the units digit of d?
4
Suppose 9*h - 10 = 4*h. What is the units digit of 1 - (-5 + -1 + h)?
5
Let j(h) be the third derivative of 3*h**2 - 1/6*h**3 + 0 + 0*h - 1/3*h**4. What is the units digit of j(-2)?
5
Let s be (-24)/(-10) + 6/10. Let d = 0 + s. What is the units digit of d?
3
Let m(p) be the third derivative of -p**6/120 - 2*p**5/15 + p**4/24 + 3*p**3/2 + 2*p**2. Let s be m(-8). Suppose -s = -5*t + 69. What is the tens digit of t?
1
Suppose -4*q + 10 = 2. Suppose q*u - 2 = u. What is the units digit of 0/u - (-16 + 1)?
5
Suppose 5*w - 4 = -5*g + 21, -5*g - 3*w = -31. Suppose -g = 2*t + 6. Let z = 9 - t. What is the units digit of z?
6
Let s(u) be the first derivative of 41*u*